 of (k/1 + -1)*-6?
2, 3
Let o(v) = v**3 + 11*v**2 - 16*v - 2. Let f = 15 + -27. What are the prime factors of o(f)?
2, 23
Suppose -h + 1 = -0*g + g, -h - 3*g = -1. Let k(a) = h - 1 - 4*a - 1. List the prime factors of k(-3).
11
Suppose -4*r + 10 = r. Let q(t) = 6*t + 2. What are the prime factors of q(r)?
2, 7
Let z(x) = 2*x - 10. Let r be ((-16)/40)/((-1)/(-10)). Let m be 252/30 + r/10. What are the prime factors of z(m)?
2, 3
Let l(s) be the second derivative of 5*s**2 + 0 - 7/6*s**3 - 2*s + 1/20*s**5 + 1/2*s**4. List the prime factors of l(-7).
2, 5
What are the prime factors of 4/12 + (-330)/(-9)?
37
Let m(y) be the second derivative of -y**3/6 - y**2 + 3*y. Let z(t) = t + 2. Let g(a) = 7*m(a) + 6*z(a). What are the prime factors of g(-5)?
3
Let q(s) be the first derivative of -s**4/2 - 2*s**3/3 - 3. What are the prime factors of q(-2)?
2
Suppose 4*k - 2690 = -6*k. List the prime factors of k.
269
Suppose -15 = 4*g + 1. Let v = -14 - g. Let y = 16 + v. List the prime factors of y.
2, 3
Let h(a) be the third derivative of a**6/120 - a**5/30 - 5*a**4/24 + 2*a**3/3 - 3*a**2. Let z be h(3). Let o = z - -6. What are the prime factors of o?
2
Suppose 0*w = -w + 3. What are the prime factors of (0 - w)/(4/(-12))?
3
Let q(w) = w**3 - 4*w**2 + 2*w. Let u be q(3). List the prime factors of 7 - 0 - 1*u.
2, 5
Suppose 2*t = 5*t. Suppose 3*a - 359 = -2*c, t*a - a = 3. What are the prime factors of c/18 - (-6)/(-27)?
2, 5
Let i be 6/15 - (-18)/5. Let t be ((-6)/i)/((-2)/4). List the prime factors of 15/(0 + t) + -1.
2
Suppose 3*x = 11 + 34. Let k = 21 - x. List the prime factors of k.
2, 3
Suppose 3*y = 20 + 13. What are the prime factors of y?
11
Let p(w) = -w**2 - 9*w - 1. Let a be p(-7). Let z = a + -20. Let y = -4 - z. List the prime factors of y.
3
Let f(p) = -p**3 - 12*p**2 - 8*p. Let n(c) = c**3 + 11*c**2 + 7*c. Let z(k) = 4*f(k) + 5*n(k). What are the prime factors of z(-6)?
2, 3
Suppose 198 = 5*i + 2*m + 2*m, 4*i - 2*m - 148 = 0. What are the prime factors of (-2*i)/(-10 - -8)?
2, 19
Suppose 3*f + 4*g + 295 = 0, g + 20 = -4*g. Let a = 137 + f. Suppose 0 = -j + 3*u + 12, 3*j + 8 = -3*u + a. List the prime factors of j.
2, 3
Let m(v) = 2*v**3 + 4*v**2 + 3*v + 3. Let d be m(-3). Let a = 16 + d. List the prime factors of a/(-3)*(-6)/(-4).
2
Suppose 363 = 3*a + 5*c - 148, -5*c = a - 177. List the prime factors of a.
167
Let r = -7 - -15. Suppose 2*g + 0*g + 4*n = r, -2*g + 8 = -3*n. List the prime factors of g.
2
Suppose w + 54 = 4*w - p, 2*w - 22 = -4*p. What are the prime factors of w?
17
Let p = -51 + 36. Let g = -26 - 0. Let v = p - g. What are the prime factors of v?
11
Suppose -a - 3*w = 3*a + 4, a + 4*w = -1. Let g be (a - -6) + (-3)/1. List the prime factors of (52/g)/(3 - 1).
13
Suppose 0 = 3*d - 2*d - 28. Let k = -16 + d. Suppose -4*f - k = 0, -f - 5 = 3*o - 38. What are the prime factors of o?
2, 3
Let j(c) = -c**3 - 2*c**2 + 5*c + 4. Let k be j(-3). Let b(f) be the third derivative of f**5/60 - f**4/24 - f**3/6 + f**2. List the prime factors of b(k).
5
Let o(p) = 5*p**2 - p - 6. What are the prime factors of o(-5)?
2, 31
Let b = -27 + 42. Let l = -9 + b. List the prime factors of l.
2, 3
Let g(p) = -p**2 + 13*p + 5. Let u be g(13). Suppose 0 = 5*l + 2*t - 96, 0 = -4*l + u*t - t + 60. List the prime factors of l.
2, 3
Let f = 109 + -62. What are the prime factors of f?
47
Suppose -9 - 7 = -4*z. Suppose -z*f = 17 - 65. List the prime factors of f.
2, 3
Let m be (-4)/(-18) + 15/(810/312). Suppose o = -2*o + 33. Suppose -b + 4*u = -2, -b = m*u - u - o. What are the prime factors of b?
2, 3
Suppose 11 = 5*o - 284. What are the prime factors of o?
59
Let m(h) = h + 14. Let g be m(-6). Suppose -g*b - 13 = 3*w - 3*b, 3*w = 4*b + 32. Suppose -5*q + 0*q + 8 = 2*i, w*q = 4*i - 44. What are the prime factors of i?
3
Let p = 35 - 28. Let i(r) = -6*r + 9. Let m(a) = 7*a - 10. Let v(h) = -6*i(h) - 5*m(h). What are the prime factors of v(p)?
3
Suppose 4*f - i + 0 = -3, -2*f + i = 3. Suppose f = -0*q - q + 13. List the prime factors of q.
13
Suppose 4*d - 62 - 82 = 0. What are the prime factors of d?
2, 3
Let v(p) = 13*p + 2. List the prime factors of v(3).
41
Let w = 17 - 10. Let f = -3 + w. What are the prime factors of f?
2
Let a be 1380/(-28) + (-6)/(-21). Let j = 12 + a. Let u = j - -57. List the prime factors of u.
2, 5
Suppose o = -0*h - 4*h + 342, -2*h + o + 168 = 0. List the prime factors of h.
5, 17
Suppose 3*x + 2*c = 2 - 0, 3*x = c + 17. Let v(i) = i**3 - 4*i**2 - 2*i - 2. Let t be v(x). Let k = 16 + t. What are the prime factors of k?
2, 3
Let z be ((-120)/50)/((-4)/10). Let g be (2/(-6))/((-2)/(-6)). Let d = z + g. What are the prime factors of d?
5
Let l(b) = -b**3 - 7*b**2 - 6*b - 6. Let c be l(-6). Let x = -15 + 9. What are the prime factors of -5*c*x/(-45)?
2
List the prime factors of 2 + -2*12/8 + 81.
2, 5
Suppose 42 = 4*s + 10. Suppose 4 - s = -h. Suppose 3*x - h*i = -2*x + 42, 3*x - i = 28. What are the prime factors of x?
2, 5
Suppose -818 - 272 = -10*y. What are the prime factors of y?
109
Let g(r) = -11*r**2. Let b be g(-1). Let i = 24 + b. What are the prime factors of i?
13
Let t be 4 + -1 + -1 + 16. Suppose -2*a + 5*b + 29 = 0, 2*a - a = -4*b - t. Suppose -h + a = 0, 4*o - 70 = -3*h - 24. List the prime factors of o.
2, 5
Let l = 19 + 73. List the prime factors of l.
2, 23
Let k be (-28)/(-20) + 6/10. Suppose k*t + t = 51. What are the prime factors of t?
17
Let b(a) be the second derivative of a**4/6 + 5*a**3/6 - 3*a**2/2 - a. What are the prime factors of b(-4)?
3
Let h = 71 - 42. Suppose 4*i = -4, 4*c - 5*i = 86 - h. What are the prime factors of c?
13
Suppose -2*w + 22 = -c + 1, 3*w = -c + 19. Suppose -4 = 4*r, -k + w = -r - 2*r. Suppose -3*g + 1 + k = 0. What are the prime factors of g?
2
What are the prime factors of 116 - 2 - 1/2*-2?
5, 23
Suppose -6 = 4*w - 5*w. List the prime factors of ((-68)/w)/((-10)/15).
17
Let n(w) = 3*w**2 - 7. Let z be n(-5). Let u = z - 40. What are the prime factors of u?
2, 7
Suppose -3*y = -y. Suppose y = t - 8. What are the prime factors of t?
2
Let i = 3 + -1. What are the prime factors of i?
2
Let h be (-1 - 9)*84/(-10). Suppose -2*f = f - h. Let v = f - 17. What are the prime factors of v?
11
Let g(d) = -d + 14. What are the prime factors of g(12)?
2
What are the prime factors of (-17)/((-85)/180) - -5?
41
Let j = -6 - -5. Let t = j + 3. Suppose 20 = t*l + 2*l. What are the prime factors of l?
5
Let o = 6 - 1. List the prime factors of (21 + 4)*2/o.
2, 5
Let a(p) = p**2 - 11*p - 19. Suppose -3 = j - 1, 2*d - 20 = -5*j. What are the prime factors of a(d)?
41
Let z = 0 - -3. Let b = -5 + z. Let j = 4 + b. List the prime factors of j.
2
Let c(p) = -p**3 - 4*p**2 + 2*p - 4. Let i be c(-6). Suppose f + 3*f - 60 = 5*t, 4*f - 4*t - i = 0. What are the prime factors of f?
2, 5
Suppose -2*v + 1 = -5. Suppose 3*q + 11 = -x, 17 = -q - v*q + x. What are the prime factors of (-6)/12 - 78/q?
19
Let z(v) = 5*v**2 + 8*v - 11. Let r(o) = -2*o**2 - 4*o + 5. Let l(q) = 7*r(q) + 3*z(q). Let n be l(6). What are the prime factors of 6/(-21) - (-32)/n?
2
Suppose 5*m + 35 = -0. Let c(a) = -2*a - 6. List the prime factors of c(m).
2
Let i(z) = 3*z**2 + 3*z + 2. Let m be i(-2). Let f = m - 2. What are the prime factors of f?
2, 3
Suppose -g - 5*z = -2 + 19, -2*g - 3*z - 13 = 0. Let b = g + 16. Suppose -b = -t - t. List the prime factors of t.
7
Suppose -3*f + 5 = -8*f. Let t be 5 + f - (4 - 2). Suppose -t*m + 76 = 2*m. What are the prime factors of m?
19
Let c(z) = z**2 + 4*z + 2. Let p be c(-4). Let y(q) = 14 - 2*q**2 + q**3 + 2*q - 12 - p*q**2. List the prime factors of y(4).
2, 5
Let n(v) = 2*v - 6. Let r = -3 + 3. Suppose 4*j = -r*j + 16. What are the prime factors of n(j)?
2
Suppose 872 = -14*y + 3574. What are the prime factors of y?
193
Suppose 2*h + 0*h + 4*b = -14, -5*h + 2*b + 25 = 0. What are the prime factors of 13 - h/(-2)*2?
2
List the prime factors of 17 + -1 + 8/2.
2, 5
Let u = 53 + 10. What are the prime factors of u?
3, 7
Let k be (-1)/(3/9) - -2. Suppose 11 - 1 = -5*v. List the prime factors of (v/(-2))/(k/(-6)).
2, 3
Let u(a) = -a - 8. Let i be u(-11). Suppose 38 = 2*b - i*d, -2*b = -6*b - 2*d + 60. List the prime factors of b.
2
Let t(j) = -j**3 - 6*j**2 - 2. Let q be t(-7). Let a = -17 +